 the remainder when 269 is divided by g(-80).
9
Let r be 3 + -4 - -794 - -3. What is the remainder when r/18 + (-18)/81 is divided by (-92)/(-6) - (5 + 28/(-6))?
14
Let n(q) = q**3 + 3*q**2 - 1. Let s be n(1). Suppose r + 40 = -h, 2*r - 122 = s*h + 4*r. Let i = h + 50. What is the remainder when 37 is divided by i?
5
Calculate the remainder when 741 is divided by -6 + 2436/81 - 4/54.
21
Suppose 3*b - 8 = -2*u, -12 + 0 = -3*u - 4*b. What is the remainder when (1593/81)/(-7 - (-17)/3)*-8 is divided by u?
2
Let h be 3 - (-3 + (81 + 3)/(-4)). Let w be (-92)/3*h/(-18). Suppose 100 = 5*n - 3*x, -x = -3*n - 2*x + w. What is the remainder when 67 is divided by n?
16
Let w = -298 - 112. Let f = w + 607. Calculate the remainder when f is divided by 25.
22
Suppose 0 = -4*i + b + 59 + 28, 0 = -2*i - 4*b + 66. What is the remainder when (1041/3 - 0) + -5 + 2 is divided by i?
22
Let r(o) = 38*o + 1. Let s(z) = 4*z + 97. Let v be s(-28). What is the remainder when r(2) is divided by 5/(v/3) - (-1 - 16)?
13
Suppose s = -3*s + 72. What is the remainder when (-335)/335*266/((-4)/2) - 8 is divided by s?
17
Let g = 9335 + -9248. Let h = 37 - 18. Calculate the remainder when g is divided by h.
11
Suppose 9*w + 103 = 13. Suppose 2*g + 2*g - 40 = 0. Let q = g - w. Calculate the remainder when 57 is divided by q.
17
Let k = -6657 - -6756. What is the remainder when 213 is divided by k?
15
Suppose -4*t + 2*t = o - 23, 5*t = -5*o + 100. Let y = -407 - -412. Calculate the remainder when (-6 - (-74)/y)*5 is divided by o.
10
Suppose -507*b = -512*b - 3*w + 52084, -4*w = -12. What is the remainder when b is divided by 8?
7
Suppose -982 + 912 = -2*y. Calculate the remainder when 97 is divided by y.
27
Suppose -210*j = -124416 + 20886. Calculate the remainder when j is divided by 81.
7
Let m = 2 - -11. Let z(n) = 8*n**2 - 624*n + 1250. Calculate the remainder when z(2) is divided by m.
8
Let k(y) be the first derivative of -7*y**2/2 + 8*y + 109. Suppose -2*o + 4*o - 120 = -4*c, -3*c + 83 = 5*o. What is the remainder when c is divided by k(0)?
7
Suppose -434*n + 440*n = 66. Suppose -6 = -3*b, -5*b + 0*b = k - 46. Calculate the remainder when k is divided by 26/((-2 - 4)/((-33)/n)).
10
Let f(m) = -9*m - 11. Let j(c) = -9*c - 10. Let p(w) = -5*f(w) + 6*j(w). Let r = -21 + 44. Calculate the remainder when p(-8) is divided by r.
21
Let u(p) = 15*p**3 - 44*p - 41. Let z(j) = 8*j**3 - 23*j - 21. Let i(g) = -6*u(g) + 11*z(g). Let b = 64 + 75. What is the remainder when b is divided by i(-3)?
31
Suppose 4*f + 2*k = 6776, -f - 687 + 2376 = 3*k. What is the remainder when f is divided by 565?
0
Let h = 116 + -269. Let x = h + 184. Calculate the remainder when 39 is divided by x.
8
Suppose d + 18 = -2*v + 212, 0 = -5*d - 6*v + 990. Calculate the remainder when d is divided by 92.
20
Suppose 647*g - 657*g + 110 = 0. What is the remainder when 1549 is divided by g?
9
Let z(k) = 4*k + 97 + 0*k - 3*k - 11*k. Calculate the remainder when z(7) is divided by 17.
10
Let r(m) = m**2 + 75*m + 1478. Calculate the remainder when r(-34) is divided by 58.
26
Let x be (-9 - (-78)/9)*5*-3. Suppose 5*n = -5*c + 450, -x*n - 75 + 339 = 3*c. What is the remainder when c is divided by 21?
9
Suppose 0 = -6*l + 7*l + 3. Suppose -124*i + 336 = -100*i. What is the remainder when (l + 0)*-19 - 3 is divided by i?
12
Suppose 5*a - 239 = -2*s - s, 0 = 2*a + 2*s - 98. Suppose 5*n - 102 = -d, 2*n + d - a = -2*d. What is the remainder when 35 is divided by n?
15
Let v(m) = 3*m**2 - 3*m - 10 + 0*m - 2*m**2. Suppose 0*g + g + 28 = 38. What is the remainder when v(-8) is divided by g?
8
Calculate the remainder when 275 is divided by ((-336)/18)/(20/(-60)).
51
Let g(j) = 26*j - 1654. What is the remainder when 1325 is divided by g(64)?
5
Suppose 3730 = -33*a + 31252. What is the remainder when a is divided by 276?
6
Let j be (4/(-6) - (-13)/6)*80. Suppose -7*a + 20 + j = 0. What is the remainder when a is divided by 16/(-12) - (-84)/9?
4
Suppose -633 - 342 = -25*r. Calculate the remainder when 190 is divided by r.
34
Suppose -21 = -2*b + 3*n, -3*b - 4 = -b + 2*n. Let u(v) = 26*v - 17. Calculate the remainder when u(b) is divided by 20.
1
Let b(y) = 5*y**2 - 53*y + 21. Let c = 48 + -34. What is the remainder when b(12) is divided by c?
7
Suppose -5*x - 368 = -3*o - 1287, 4*o + 558 = 3*x. What is the remainder when 421 is divided by x?
57
Let k(u) = 37*u**3 - 5*u**2 + 19*u - 17. What is the remainder when k(2) is divided by 30?
27
Suppose 23*v + l - 67139 + 4470 = 0, l + 6 = 0. Calculate the remainder when v is divided by 31.
28
Suppose 0*h = 3*h - 30. Suppose -44*w = -45*w + h. Calculate the remainder when 39 is divided by w.
9
Let l = -7321 - -7403. What is the remainder when 754 is divided by l?
16
Suppose 11*s = 2826 - 2441. What is the remainder when s is divided by (-8)/(-40) + (-124)/(-5)?
10
Let l(o) = -2*o + 16. Let c be l(6). Suppose 5*v - 51 = c*x, 5*x + 38 = 5*v - 12. Suppose 16*a = v*a + 55. Calculate the remainder when 32 is divided by a.
10
Calculate the remainder when 524 is divided by (330/105)/(-11) + (-298)/(-14).
20
Suppose -60*l = -57*l + 147. Let y = l + 85. Suppose 13*h - y = 7*h. Calculate the remainder when 11 is divided by h.
5
Suppose 32 = 6*f + 10*f. Let q = -15 + 15. Suppose 5*c + 4*w - 2*w = 52, -3*c + f*w + 28 = q. Calculate the remainder when 17 is divided by c.
7
Let b(f) = 33*f - 514. Calculate the remainder when 722 is divided by b(20).
138
Suppose 24 = -88*b + 85*b, 0 = -2*t - 2*b + 94. What is the remainder when 2103 is divided by t?
13
Let a = 99 + -10. Let f = a - 77. Let v = 3 - -4. What is the remainder when f is divided by v?
5
Let z = -163 - -248. What is the remainder when z is divided by 27 - (-49 - -31 - -32)?
7
Let g = 1887 + -1869. Calculate the remainder when 2082 is divided by g.
12
Let f(z) = -6*z + 1. Suppose j + 3*j = 4*v + 36, 25 = -5*v + j. Let b(m) = 15*m**3 - 4*m**2 - 7*m + 9. Calculate the remainder when f(v) is divided by b(1).
12
Let r = -6 + 43. Suppose 176 = -24*u + 8. Calculate the remainder when 4/u - 3068/(-28) is divided by r.
35
Let n(s) = 11*s - 123. Suppose -2*z - 6*p + 36 = -4*p, 4*z = 2*p + 96. Calculate the remainder when n(z) is divided by 31.
26
Let l = 380 + -371. What is the remainder when 2105 is divided by l?
8
What is the remainder when 1139 is divided by (221/(-51))/(8/(-96))?
47
Let n be (-9)/18*-4*2. Let b(k) = k**2 + 3*k - 22. What is the remainder when 23 is divided by b(n)?
5
Let d = -111 + 176. What is the remainder when d is divided by 35 - 0 - (-2 - -4)?
32
Suppose -1938 = -3*a + 5*y - 541, 32*a = y + 15163. Calculate the remainder when a is divided by 387.
87
Suppose -18568 = 8*o - 96*o. What is the remainder when o is divided by 40?
11
Suppose 10*l = 7*l + 54. Let m = -105 + 127. Suppose -156 = l*t - m*t. What is the remainder when 76 is divided by t?
37
Suppose 0 = -5*d + 5*v + 307 - 87, -2*d = -v - 84. Calculate the remainder when 1815 is divided by d.
15
Let c = 275 - 77. Suppose -5*k - 2*w - c = -9*k, k = -5*w + 77. What is the remainder when 150 is divided by k?
46
Let t = 2 - -9. Calculate the remainder when 1/(8 - 289/34)*366/(-4) is divided by t.
7
Suppose -5*n + i + 532 = 0, 2*n = -2*i + 280 - 72. What is the remainder when 6251 is divided by n?
103
Suppose 2*l - 183 = -109. Let r = -33 + l. Suppose -75 = -b + r*z + 126, 5*b - 3*z = 1039. What is the remainder when b is divided by 53?
50
Let m = -16403 + 16456. Calculate the remainder when 736 is divided by m.
47
Let l = -875 + 897. Calculate the remainder when l is divided by 11.
0
Let i be (5 - 11) + (10 - 0). Suppose 3*g - i*q - 23 - 6 = 0, -2*g + 5*q = -31. What is the remainder when 5 is divided by g?
2
Calculate the remainder when 385 is divided by (-5)/20 - (-5840)/320.
7
Suppose -121 = 13*d - 831 - 187. Let v be (184/10)/2*5. Suppose -v - 24 = -5*g. What is the remainder when d is divided by g?
13
Let l = -106 + 160. Let u(x) = x**2 + 21*x - 5. What is the remainder when l is divided by u(-22)?
3
Let z(j) = 75*j**2 + 22*j - 21. Calculate the remainder when 151 is divided by z(1).
75
Let k(d) = d**3 - 14*d**2 - 13*d + 1. Let x be (-18)/2*(-10)/6. What is the remainder when k(x) is divided by 18?
13
Let v(n) = 3*n**3 + 69*n**2 - n - 6. Suppose 3*c - 419 = 3*q + 2*q,